+ 3*u + 187 = 0, 3*u = -2*j + 3*j + 28. Let s = j - -65. Calculate the remainder when (8/(-6))/(52/78) + 87 is divided by s.
19
Suppose -8*u + 744 = 16*u. Calculate the remainder when 773 is divided by u.
29
Let i(r) = r**2 - 2*r. Calculate the remainder when 118 is divided by i(5).
13
Suppose -5*v = 11 - 11. Suppose 0 = -h - 3*r + 29, -3*h + 5*r + 34 + 11 = v. Let a = 13 - 5. Calculate the remainder when h is divided by a.
4
Suppose 0 = -2*o - 4*k + 2246, 7*o - 2*k - 2276 = 5*o. Calculate the remainder when o is divided by 42.
41
Let l = 79 - -128. What is the remainder when l is divided by 14?
11
Suppose 6*o - 10 = 4*o, -4*c - 13 = -5*o. Suppose 0 = q + c*q - 52. What is the remainder when 18 is divided by q?
5
Suppose -19*f = -49*f + 2610. What is the remainder when f is divided by 38?
11
Let c(f) = f**2 + 2*f - 7. Let x be c(-3). What is the remainder when 11 is divided by (8 - (-4)/x)/1?
4
Suppose 7*x - 6*x - 3 = 0. Suppose x*b + 1 = -y, 2*y = -0*y - 2*b - 10. Calculate the remainder when (27/(-9))/(3/y) is divided by 5.
2
What is the remainder when 89 is divided by (55/22 - 2)/(2/184)?
43
What is the remainder when 28 is divided by ((-22)/66)/((-1)/48)?
12
Suppose 3*u + 1 + 2 = 0. What is the remainder when u + (-2)/(6/(-45)) is divided by 4?
2
Let r(t) = 35*t**3 - 13*t + 11. Let d(x) = 17*x**3 - 6*x + 5. Let p(j) = 7*d(j) - 3*r(j). What is the remainder when 69 is divided by p(1)?
4
Let p = 528 - 492. Calculate the remainder when p is divided by 35.
1
Let w(d) = -2*d**2 + 2*d + 45. Let f be w(0). Suppose 4*r + 1 = f. Let c = 7 - 1. Calculate the remainder when r is divided by c.
5
Let o = -17 + 11. Let d = -6 - o. What is the remainder when d + 4 - 6 - -14 is divided by 8?
4
Let b = 43 - 36. Let n = 44 - b. What is the remainder when n is divided by 10?
7
Let r = 493 + -393. Calculate the remainder when r is divided by 31.
7
Let b(u) = -u**2 - 21*u - 60. Calculate the remainder when b(-16) is divided by 8.
4
Let b(z) = -z**2 + z + 15. Suppose 24*r - 27*r + 108 = 0. Calculate the remainder when b(0) is divided by r/10 - 12/(-30).
3
Suppose -116 = 2*l - k, -2*k - k = -l - 68. Let i = l - -131. What is the remainder when i is divided by (-2320)/(-120) + 1/(-3)?
18
Suppose 3*y - 215 = -4*h, -3*h = -5*h - 2*y + 106. What is the remainder when 214 is divided by h?
46
Let l = -7 + 10. What is the remainder when 64 is divided by -3*(l + -4) + 7*2?
13
Suppose 240 = -174*t + 177*t. Calculate the remainder when t is divided by 18.
8
Let v(r) = r**3 + 8*r**2 - 2*r - 15. Let f be v(-8). What is the remainder when -7 + 5 - (-6 + f) is divided by 3?
0
Calculate the remainder when 126 is divided by 30/(-12)*(96/15)/(-2).
6
Let s = -27 - -43. Let m = s - 10. What is the remainder when 9 is divided by m?
3
Suppose -4 = -4*u - 2*c, 3*c = 2*u + 3*u + 17. Suppose -n + 4*n = -3*n. What is the remainder when 25 is divided by 0 + n + 8 + u?
4
Let t = -361 + 665. Suppose 161 = 5*h + 4*v - t, v - 94 = -h. Suppose 38 = 2*c - 8. Calculate the remainder when h is divided by c.
20
Let x = 137 + -116. Suppose 4*r - 170 = -2*p, -3*r + 70 = -r - 2*p. What is the remainder when r is divided by x?
19
Suppose 88 = 18*p - 506. What is the remainder when 94 is divided by p?
28
Calculate the remainder when 240 is divided by 534/24 + (-2)/8.
20
Suppose -2*j + 15 - 2 = -m, m + 7 = -j. Let a(s) = -10*s**2 + 0*s**2 + 5*s**3 - 13*s - 3 - 6*s**3 - 3. What is the remainder when a(m) is divided by 8?
6
Let h = -160 - -155. Suppose 0*x - 4*x = -2*i - 84, i - 34 = -2*x. Calculate the remainder when x is divided by (-27)/h - 24/60.
4
Suppose -3*a + 138 = 3*p - 0*p, -a = 0. Let d = 14 + -10. What is the remainder when p is divided by d?
2
Let k(z) = z**3 + 12*z**2 + 11*z + 14. Let v be k(-11). Calculate the remainder when 23 is divided by (26/(-4))/(v/(-28)).
10
Let x = -154 + 166. What is the remainder when 44 is divided by x?
8
Suppose -5*z = -2*z - 15. Let s be (0 + 18)*2/3. Suppose a - 5*a + s = 4*i, 0 = i + z*a + 1. What is the remainder when 13 is divided by i?
1
Suppose 119 = -5*i + 2*g, 3*g + 63 = i - 4*i. Let f = 30 + i. Calculate the remainder when 18 is divided by f.
4
Suppose 0 = 3*o - 4*u + 48, 66 = -5*o + 4*u - 2*u. Let x = o - -19. What is the remainder when 26 is divided by x?
5
Let r(i) = i**2 - i + 2. Suppose z + 18 = 3*a, 0 = 3*a + 3*z - 9 - 9. Let c be r(a). Let n = c + -16. What is the remainder when 31 is divided by n?
15
Let k(j) = -5*j - 7. Suppose 3*z = -2*z - 70. Calculate the remainder when k(-7) is divided by 136/14 + (-4)/z.
8
Suppose -3*t - 3 = -4*t - b, b - 6 = 2*t. Calculate the remainder when t - (-5 + 3 - 80) is divided by 42.
39
Let u = 213 + -155. Calculate the remainder when 115 is divided by u.
57
Let p(a) = -a + 17. Calculate the remainder when p(-9) is divided by 6/(-4)*(-42)/9.
5
Let u(c) = 75*c + 2. Calculate the remainder when u(1) is divided by 32.
13
Let i(s) = 2*s + 12. Let d = 110 - 39. Calculate the remainder when d is divided by i(12).
35
Suppose 0 = q - 37 + 11. What is the remainder when q is divided by 12 + -3 + 1 + 0?
6
Suppose 4*f + 25 = -39. Let m(i) = -2*i - 15. Suppose 5*r + 42 = z, 5*r = 2*r - 6. Calculate the remainder when z is divided by m(f).
15
Let g = 85 + -49. Calculate the remainder when -1*(286/4)/((-6)/12) is divided by g.
35
Let j(g) = 2*g**2 - 4. Let d be j(4). Suppose 0 = -2*h - 12 + d. Calculate the remainder when 13 is divided by h.
5
Let j be 7/2*(-16)/(-14). Calculate the remainder when j/10 + 888/30 is divided by 11.
8
Let p(x) = -x**3 + 10*x**2 - 12*x + 7. Calculate the remainder when p(6) is divided by 14.
9
Suppose 349 + 98 = 3*b. What is the remainder when b is divided by 17?
13
Let o be (0/3)/(-2 + 0). Suppose 3*k - l = 39, 0*l + 2*l = o. Let u(r) = -4*r. Calculate the remainder when k is divided by u(-2).
5
Suppose 0 = j - 4*c - 30, 3*j + 3*c = -j + 44. Suppose 3*l - 19 - j = 0. Suppose b - 4 - l = 0. Calculate the remainder when 43 is divided by b.
13
Suppose -14*g + 292 = -10*g. Calculate the remainder when g is divided by 24.
1
Suppose -3*q + 35 = 5*k, 2*q + q = 2*k + 7. Let d(b) = 5*b - 9. Let g be d(q). Let z = 28 - g. Calculate the remainder when 46 is divided by z.
10
Suppose 4*p = 3*b - 8*b + 277, -4*p - 293 = -5*b. What is the remainder when b is divided by 31?
26
Suppose h - c = 8, 2*h - 3*c + 0*c - 20 = 0. Suppose 0 = -3*q + h*q. Suppose 4*t - 7*t + 45 = q. What is the remainder when 55 is divided by t?
10
What is the remainder when 14 is divided by (2/(-16)*-2)/((-200)/(-3200))?
2
Suppose 5*c = -11 + 1, 0 = 5*p + 5*c - 130. Suppose -p = -2*y - 2*y. Calculate the remainder when 25 is divided by y.
4
Suppose 0 = -c - 4*f + 125, -95*c - 3*f + 461 = -91*c. Calculate the remainder when 555 is divided by c.
103
Let l(k) = -k**3 + 5*k**2 + 6*k + 3. Let p be l(6). Suppose p*g - 6*g = -177. Suppose 24*m = -0*m + 360. Calculate the remainder when g is divided by m.
14
Calculate the remainder when 2*(160 - (3 - 9)) is divided by 84.
80
Let c(k) = -k**3 - 6*k**2 + 3*k - 4. Let v be c(-4). Let x = -10 - v. Calculate the remainder when x is divided by 8.
6
Let y(q) = -q**3 + q + 13. Let b = -62 - -84. What is the remainder when b is divided by y(0)?
9
Suppose 45 + 48 = -3*g. Let t = -35 - g. Calculate the remainder when 3 is divided by t/(-6) - (-6)/18.
0
Let h be (1 + -5)*(-651)/(-12). Let w = -24 - h. What is the remainder when w is divided by 49?
46
Let l(v) be the third derivative of -v**4/8 - 5*v**3/3 + 42*v**2. What is the remainder when 9 is divided by l(-5)?
4
Let s(p) = p**2 - 28*p - 8. Let c be s(24). Suppose -f - 14 = -3*f. Calculate the remainder when 18/30 - c/10 is divided by f.
4
Suppose -677 + 665 = -4*k. What is the remainder when ((-4)/5)/(1/(-10)) is divided by k?
2
Suppose -3*s - 4*x = -474, -24*x + 20*x + 158 = s. Calculate the remainder when s is divided by 87.
71
Let v = -15 - -16. Calculate the remainder when v/5 + 1603/35 is divided by 24.
22
Let f be (30/(-125)*-5)/((-6)/(-40)). Suppose f*r - 60 = 3*r. Calculate the remainder when r is divided by (2 + 1)/((-6)/(-4)).
0
Let w = -33 - -37. Suppose 5*x = w + 61. What is the remainder when 34 is divided by x?
8
Let m = 11 - 15. Let i = -1 - m. Calculate the remainder when 39 is divided by (-3 - (0 + -10)) + i.
9
Let j = -1056 + 166